te p(16).
47
Let x(p) = p**3 + 14*p**2 + 6*p - 6. What is x(-14)?
-90
Let x(u) = u**3 - 3*u**2 - 45*u + 41. Calculate x(8).
1
Let s(n) = -189*n - 2648. What is s(-14)?
-2
Let y(r) = 10*r**2 + 1264*r - 787. Determine y(-127).
-25
Let b(l) = 64*l - 2725. What is b(43)?
27
Let b(v) = -524*v**2 + 4*v - 8. Calculate b(1).
-528
Let h(x) = x**2 + 189*x + 980. Determine h(-5).
60
Let a(p) = p**3 + 2*p**2 - 187*p - 81. Calculate a(13).
23
Let j(u) = 34*u**2 + 39*u + 1. Give j(-2).
59
Let l(n) = -731*n - 15329. Give l(-21).
22
Let b(o) = -4*o**3 + 177*o**2 - 50*o + 280. Calculate b(44).
16
Let n(k) = -5892*k - 5921. Give n(-1).
-29
Let r(a) = -43*a - 227. Calculate r(-6).
31
Let v(q) = 12*q**2 + 73*q - 364. What is v(5)?
301
Let k(r) = -r**3 + 74*r**2 - 279*r - 70. Give k(70).
0
Let y(v) = -33*v**2 + 318*v + 48. What is y(10)?
-72
Let w(c) = -3*c**2 + 4*c + 4. What is w(9)?
-203
Let v(g) = -1727*g - 12088. Calculate v(-7).
1
Let d(x) = -482*x**2 - 5301*x + 22. Give d(-11).
11
Let p(r) = 24*r - 1002. Calculate p(40).
-42
Let b(s) = s**3 + 25*s**2 - 56*s + 57. What is b(-27)?
111
Let f(n) = 5*n**2 + 42*n + 3. What is f(-10)?
83
Let g(k) = -2*k**2 - 1502*k + 7523. What is g(5)?
-37
Let o(v) = v**2 - 14*v - 919. Calculate o(-24).
-7
Let l(n) = 4573*n + 27424. Calculate l(-6).
-14
Let s(r) = 7*r - 35. Give s(6).
7
Let f(r) = r**3 + 26*r**2 - 19*r + 223. Calculate f(-27).
7
Let n(l) = -35*l**2 - 243*l + 18. Determine n(-7).
4
Let z(c) = 8*c**2 - 152*c - 579. Determine z(-4).
157
Let j(p) = p**3 + 12*p**2 - 9*p - 297. What is j(-10)?
-7
Let m(b) = -290*b - 51028. Give m(-176).
12
Let t(f) = -2*f**3 - 10*f**2 - 77*f - 197. Calculate t(-3).
-2
Let v(t) = 43*t - 475. What is v(12)?
41
Let b(m) = -3*m**3 + 27*m**2 - 3*m + 60. What is b(9)?
33
Let d(q) = 66*q**2 + 594*q - 4. Determine d(-9).
-4
Let b(p) = -4*p**3 - 315*p**2 - 239*p - 393. Give b(-78).
-3
Let j(i) = 2*i**2 - 142*i + 36. Determine j(71).
36
Let s(h) = -84*h - 7. Calculate s(2).
-175
Let t(l) = -12*l + 93. Determine t(8).
-3
Let t(n) = -5316*n - 489065. Calculate t(-92).
7
Let m(s) = -77*s + 6246. What is m(81)?
9
Let s(h) = -18*h**2 - 20*h + 15. Determine s(5).
-535
Let w(v) = v**3 + 27*v**2 + 10*v - 261. Calculate w(-26).
155
Let w(t) = -2*t**2 - 35*t + 1508. Give w(20).
8
Let s(u) = -197*u - 910. What is s(-4)?
-122
Let q(s) = -s**3 + 31*s**2 - 226*s + 259. Determine q(21).
-77
Let m(w) = w**3 + 7*w**2 - 64*w - 109. Calculate m(6).
-25
Let z(m) = 156*m**2 - 44*m - 44. Calculate z(-1).
156
Let s(i) = -3*i**3 - 11*i**2 + 132*i - 23. Calculate s(7).
-667
Let v(w) = -2*w**3 + 42*w**2 + 19*w + 258. What is v(22)?
-292
Let m(h) = -h**3 + 51*h + 7. Give m(-7).
-7
Let r(g) = g**2 - 21*g - 227. What is r(32)?
125
Let l(i) = -357*i + 2719. Calculate l(8).
-137
Let g(j) = -164*j + 3512. Give g(22).
-96
Let m(l) = 2*l**3 + 26*l**2 + 6*l + 31. Calculate m(-13).
-47
Let r(v) = -13*v + 19. Determine r(14).
-163
Let t(h) = 139*h - 3791. Calculate t(27).
-38
Let f(t) = 43*t + 660. Give f(-14).
58
Let p(r) = -55*r + 1207. Determine p(20).
107
Let l(m) = m**3 + 2*m**2 - 14*m - 11. Give l(4).
29
Let w(t) = -5*t**2 + 8*t + 51. Determine w(-10).
-529
Let c(o) = o**3 - 20*o**2 + 47*o - 70. Determine c(18).
128
Let p(x) = x**2 + 9. Calculate p(6).
45
Let c(u) = 37*u - 2403. Determine c(63).
-72
Let t(n) = 3*n**2 - 225*n - 238. Determine t(76).
-10
Let s(j) = -36*j - 878. Give s(-24).
-14
Let j(k) = 19*k - 125. Determine j(-6).
-239
Let m(n) = -39*n**2 + 551*n - 55. Give m(14).
15
Let g(f) = 12*f**2 + 235*f + 1142. Calculate g(-11).
9
Let v(y) = -y**2 - 70*y + 292. Determine v(-70).
292
Let q(u) = 160*u + 4805. Determine q(-30).
5
Let j(m) = -144*m + 1441. Determine j(10).
1
Let w(o) = 63*o + 91. What is w(-9)?
-476
Let n(x) = 8*x**2 + 23*x - 1. Determine n(-1).
-16
Let z(p) = 17835*p - 338871. Determine z(19).
-6
Let h(b) = -580*b - 12175. Calculate h(-21).
5
Let r(b) = -b**3 + b**2 - 43*b - 17. Give r(0).
-17
Let y(d) = -257*d + 24152. Calculate y(94).
-6
Let r(j) = 2*j**2 + 17*j - 795. What is r(19)?
250
Let z(c) = -69*c - 2140. What is z(-30)?
-70
Let c(m) = -97*m**2 + 474*m + 55. What is c(5)?
0
Let v(d) = -d**2 - 173*d - 6531. Give v(-117).
21
Let b(s) = -s**3 - 6*s**2 + 13*s + 20. Calculate b(-6).
-58
Let i(w) = w**2 - 2*w + 47. What is i(9)?
110
Let a(v) = 7*v - 685. Calculate a(22).
-531
Let f(o) = 457*o - 2288. Give f(5).
-3
Let c(a) = 7*a - 179. What is c(22)?
-25
Let q(u) = u**3 + 6*u**2 + 19*u + 109. Determine q(-7).
-73
Let u(b) = 2*b**2 - 59*b + 175. Calculate u(33).
406
Let c(n) = -n**2 - 63*n + 225. Determine c(-66).
27
Let g(b) = -b**2 - 8*b + 1613. Give g(-46).
-135
Let z(v) = v**3 + 116*v**2 - 979*v + 1556. What is z(-124)?
-56
Let j(r) = r**3 + 49*r**2 + 175*r - 217. What is j(-45)?
8
Let g(h) = -h**3 - 18*h**2 + 110*h + 10. Give g(-23).
125
Let a(u) = -u**3 - 11*u**2 - u - 98. Give a(-10).
-188
Let y(s) = -s**3 - 28*s**2 + 8*s + 63. Calculate y(-28).
-161
Let d(a) = -a**3 - 64*a**2 + 128*a - 255. Calculate d(-66).
9
Let x(k) = k**3 + 4*k**2 - 28*k + 317. Determine x(0).
317
Let z(o) = 12*o. What is z(7)?
84
Let f(p) = 4*p**2 + 214*p + 128. Give f(-53).
22
Let c(y) = 3*y**2 + 37*y + 32. Calculate c(-11).
-12
Let j(m) = -2*m**3 - 121*m**2 - 64*m - 257. What is j(-60)?
-17
Let d(q) = -q**3 + 18*q**2 - 59*q - 160. What is d(8)?
8
Let l(c) = c**3 + 6*c**2 + 10*c + 12. What is l(-2)?
8
Let b(n) = -n**3 - 48*n**2 - 139*n + 97. What is b(-45)?
277
Let q(y) = 5187*y - 15570. Determine q(3).
-9
Let v(m) = -17*m**2 + 40*m - 14. Calculate v(2).
-2
Let u(h) = -2*h**2 + 4*h + 34. What is u(5)?
4
Let l(x) = 151*x + 139. Determine l(-3).
-314
Let q(r) = -3*r**2 + 10*r - 16. What is q(3)?
-13
Let s(x) = -25*x + 214. Determine s(26).
-436
Let a(m) = 116*m + 1504. Give a(-13).
-4
Let x(u) = -93*u**2 - 17*u - 15. Give x(-1).
-91
Let p(r) = -r**3 - 51*r**2 - 106*r - 570. Determine p(-49).
-178
Let g(u) = 25*u**2 - 10*u + 4. Give g(0).
4
Let a(n) = 3*n**2 + 1985*n - 20140. Determine a(10).
10
Let y(m) = 2005*m - 1992. Calculate y(1).
13
Let j(h) = -h**3 + 40*h**2 + 85*h - 1694. Give j(41).
110
Let i(t) = 3*t**2 + 181*t - 490. What is i(-63)?
14
Let i(g) = g**2 - 66*g - 383. Determine i(-5).
-28
Let t(f) = f**3 + 3*f**2 + 82*f + 248. What is t(-3)?
2
Let h(l) = 2*l**3 - 3*l**2 - 2*l - 66. Determine h(5).
99
Let o(t) = 26*t**3 + 341*t**2 + 38*t - 9. Calculate o(-13).
4
Let s(z) = -204*z + 1333. What is s(7)?
-95
Let h(m) = -144*m - 32692. What is h(-227)?
-4
Let d(c) = 12*c**2 - 197*c + 1135. Calculate d(6).
385
Let i(k) = -27*k**2 + 33*k - 15. Give i(4).
-315
Let p(i) = -2*i**2 + 20*i - 169. Determine p(7).
-127
Let k(f) = 3033*f**2 - 6074*f + 7. Give k(2).
-9
Let a(t) = -123*t**2 - 856*t + 11. What is a(-7)?
-24
Let d(u) = u**2 + 3*u + 2. Determine d(23).
600
Let o(g) = -37*g - 687. Give o(-17).
-58
Let x(j) = -5*j - 7. What is x(2)?
-17
Let x(z) = -116*z + 10596. Calculate x(91).
40
Let a(y) = -y**3 - 16*y**2 + 2339*y + 117. What is a(-57)?
3
Let q(x) = x**2 + 41*x - 14. Determine q(-8).
-278
Let v(u) = -u**3 - 12*u**2 + 105*u + 1184. Determine v(-9).
-4
Let a(z) = z**3 - 27*z**2 - 132*z + 257. Determine a(31).
9
Let k(d) = -d**3 + 7*d**2 + 153*d - 1094. What is k(8)?
66
Let w(a) = 545*a + 10903. Determine w(-20).
3
Let g(j) = -j**3 - 21*j**2 + 28*j - 2. Give g(-22).
-134
Let g(s) = -s**3 + 35*s**2 - 148*s + 686. Give g(31).
-58
Let o(k) = -5*k**3 + 149*k**2 + 8*k + 650. Determine o(30).
-10
Let g(d) = -137*d**3 - 3*d**2 + 2*d. Give g(1).
-138
Let i(a) = 10*a - 2. Determine i(-10).
-102
Let y(s) = -s**2 + 229*s - 1997. What is y(9)?
-17
Let a(p) = p**3 - 27*p**2 + 164*p - 8. Give a(9).
10
Let t(f) = -f**3 + 33*f**2 - 12*f + 321. Calculate t(33).
-75
Let h(q) = q**3 + 66*q**2 - 1314*q + 22. Give h(16).
-10
Let q(n) = -2*n**3 - 16*n**2 - 26*n - 232. Give q(-8).
-24
Let t(h) = 30*h + 935. Calculate t(-31).
5
Let y(k) = -2*k**2 + 28*k - 18. Calculate y(12).
30
Let c(w) = -56*w + 903. Determine c(16).
7
Let h(f) = -91*f - 34. Calculate h(-3).
239
Let f(y) = -259*y + 1018. What is f(4)?
-18
Let h(c) = 214*c - 32920. Calculate h(154).
36
Let f(k) = k**3 - 11*k**2 - 21*k + 67. Calculate f(12).
-41
Let x(i) = 24*i - 215. Determine x(11).
49
Let c(l) = 3558*l - 28470. Determine c(8).
-6
Let c(z) = 38*z + 1558. Give c(-41).
0
L